 divide 412069?
True
Does 2 divide 965105?
False
Is 673684 a multiple of 244?
True
Is 407 a factor of 5998773?
True
Does 118 divide 706820?
True
Is 7 a factor of 843836?
True
Does 187 divide 2105433?
True
Is 815115 a multiple of 97?
False
Does 25 divide 126322?
False
Is 4899102 a multiple of 321?
True
Does 159 divide 4762059?
False
Does 27 divide 2757919?
False
Does 89 divide 2756502?
False
Is 7 a factor of 1867?
False
Is 1002501 a multiple of 54?
False
Is 10592 a multiple of 32?
True
Is 9585353 a multiple of 875?
False
Is 48184 a multiple of 38?
True
Is 204 a factor of 612?
True
Does 8 divide 128629?
False
Is 14948190 a multiple of 44?
False
Is 389 a factor of 205781?
True
Does 45 divide 1031099?
False
Is 9699912 a multiple of 12?
True
Does 202 divide 4672960?
False
Is 159341 a multiple of 5?
False
Is 307517 a multiple of 7?
True
Does 145 divide 33489?
False
Does 117 divide 903081?
False
Does 484 divide 1967944?
True
Is 29 a factor of 196026?
False
Is 1237902 a multiple of 579?
True
Does 29 divide 1222118?
True
Is 22 a factor of 41734?
True
Is 50 a factor of 3639587?
False
Does 336 divide 2637936?
True
Does 290 divide 90480?
True
Is 217042 a multiple of 259?
True
Does 33 divide 160776?
True
Is 24 a factor of 110112?
True
Is 253120 a multiple of 226?
True
Is 8 a factor of 14976?
True
Is 35 a factor of 833702?
False
Is 236 a factor of 328748?
True
Is 24646875 a multiple of 1875?
True
Is 6 a factor of 33865?
False
Is 276531 a multiple of 13?
False
Is 18846370 a multiple of 17?
True
Is 30 a factor of 116100?
True
Is 219279 a multiple of 22?
False
Does 127 divide 5102952?
False
Is 2 a factor of 479259?
False
Is 2126832 a multiple of 472?
True
Is 319 a factor of 254243?
True
Is 3281369 a multiple of 8?
False
Is 50 a factor of 490850?
True
Does 139 divide 1377490?
True
Does 4 divide 468920?
True
Does 11 divide 255420?
True
Is 506736 a multiple of 204?
True
Does 55 divide 1205380?
True
Is 957367 a multiple of 301?
False
Does 30 divide 25740?
True
Is 5 a factor of 24965?
True
Does 8 divide 453361?
False
Is 86814 a multiple of 117?
True
Is 20431354 a multiple of 29?
False
Is 3481280 a multiple of 55?
True
Is 3 a factor of 398525?
False
Is 35 a factor of 120970?
False
Is 5 a factor of 3293?
False
Is 424 a factor of 677903?
False
Does 40 divide 98947?
False
Does 23 divide 184223?
False
Is 5721040 a multiple of 20?
True
Is 10 a factor of 12207973?
False
Does 593 divide 2521937?
False
Is 1578918 a multiple of 11?
True
Is 67 a factor of 232289?
True
Is 22 a factor of 127284?
False
Does 607 divide 5176667?
False
Is 548099 a multiple of 38?
False
Is 43 a factor of 1252962?
False
Is 5 a factor of 126738?
False
Is 36603 a multiple of 441?
True
Is 22 a factor of 25080?
True
Is 157878 a multiple of 14?
True
Is 148835 a multiple of 515?
True
Is 362 a factor of 4231172?
False
Does 12 divide 95988?
True
Does 19 divide 259977?
True
Does 57 divide 592025?
False
Does 8 divide 1126216?
True
Is 4 a factor of 3708172?
True
Does 56 divide 234141?
False
Does 35 divide 1574790?
True
Is 710309 a multiple of 87?
False
Does 817 divide 1397070?
True
Is 52394 a multiple of 3?
False
Is 135038 a multiple of 251?
True
Is 13 a factor of 105590?
False
Is 195 a factor of 35880?
True
Is 102 a factor of 197507?
False
Is 358 a factor of 6843110?
False
Does 250 divide 1085251?
False
Does 3 divide 15935?
False
Does 202 divide 37423?
False
Is 563 a factor of 898548?
True
Does 158 divide 1538762?
True
Is 236 a factor of 252215?
False
Does 52 divide 125684?
True
Is 333 a factor of 234765?
True
Is 26 a factor of 10575?
False
Is 99 a factor of 127710?
True
Does 20 divide 4670840?
True
Does 62 divide 95852?
True
Is 1468326 a multiple of 189?
False
Does 4 divide 337140?
True
Does 21 divide 426993?
True
Is 113 a factor of 3613666?
False
Does 414 divide 636732?
True
Is 28 a factor of 11323480?
True
Is 191 a factor of 561187?
False
Does 487 divide 827062?
False
Is 9 a factor of 906262?
False
Is 464080 a multiple of 4?
True
Is 547 a factor of 8905707?
True
Does 24 divide 13134?
False
Does 39 divide 616239?
True
Is 140 a factor of 2000460?
True
Does 45 divide 71820?
True
Does 471 divide 2027395?
False
Is 9464001 a multiple of 408?
False
Does 5 divide 159207?
False
Is 1361288 a multiple of 263?
True
Does 41 divide 9758?
True
Is 310 a factor of 1103936?
False
Is 266039 a multiple of 17?
False
Is 95060 a multiple of 679?
True
Is 16 a factor of 5429520?
True
Does 30 divide 1813899?
False
Is 13 a factor of 531726?
True
Is 15 a factor of 373575?
True
Is 584 a factor of 1947953?
False
Is 868 a factor of 17452876?
True
Does 9 divide 444540?
False
Is 7 a factor of 153671?
True
Is 9387593 a multiple of 1237?
True
Is 10 a factor of 280480?
True
Is 15834 a multiple of 14?
True
Does 1219 divide 17021137?
False
Is 2760700 a multiple of 10?
True
Is 1073324 a multiple of 28?
True
Is 138 a factor of 1141986?
False
Is 38 a factor of 4323461?
False
Is 29 a factor of 1144456?
True
Is 19989813 a multiple of 23?
False
Is 102 a factor of 27540?
True
Is 51416 a multiple of 3?
False
Is 2162781 a multiple of 4?
False
Is 28 a factor of 59257?
False
Is 5017097 a multiple of 167?
False
Is 102 a factor of 2995434?
True
Is 352 a factor of 209690?
False
Does 19 divide 1949332?
False
Does 38 divide 116111?
False
Is 7541423 a multiple of 53?
True
Is 3 a factor of 1922152?
False
Does 854 divide 1535492?
True
Is 14 a factor of 4606?
True
Does 118 divide 655962?
True
Is 2006545 a multiple of 50?
False
Does 532 divide 365860?
False
Is 4481950 a multiple of 145?
True
Is 376506 a multiple of 4?
False
Is 4446201 a multiple of 165?
False
Does 14 divide 19376?
True
Does 8 divide 7048?
True
Is 128 a factor of 1239168?
True
Is 178 a factor of 234248?
True
Is 25 a factor of 12017239?
False
Is 7 a factor of 98209?
False
Is 7269150 a multiple of 6?
True
Is 4057206 a multiple of 30?
False
Does 19 divide 127831?
False
Is 5145 a multiple of 735?
True
Does 329 divide 4196395?
True
Is 15494 a multiple of 8?
False
Does 39 divide 255311?
False
Is 14 a factor of 512438?
False
Is 2422266 a multiple of 13?
False
Does 97 divide 181485?
False
Is 4301016 a multiple of 36?
False
Is 35 a factor of 17885?
True
Is 569724 a multiple of 38?
False
Is 3586343 a multiple of 61?
False
Is 135 a factor of 1616499?
False
Is 11 a factor of 100997?
False
Does 476 divide 2848860?
True
Is 206 a factor of 47469?
False
Is 615498 a multiple of 78?
True
Does 43 divide 250690?
True
Is 355110 a multiple of 51?
False
Is 86336 a multiple of 8?
True
Is 185 a factor of 54945?
True
Does 6 divide 633432?
True
Is 43 a factor of 1118473?
True
Is 108 a factor of 1254852?
True
Does 107 divide 169440?
False
Is 152 a factor of 1397464?
False
Is 114840 a multiple of 174?
True
Is 12 a factor of 1118493?
False
Is 63 a factor of 21828429?
True
Is 12 a factor of 30095?
False
Is 119 a factor of 14011893?
True
Is 30242 even?
True
Does 52 divide 677262?
False
Is 518 a factor of 133237?
False
Is 259 a factor of 767676?
True
Does 344 divide 243229?
False
Is 225 a multiple of 25?
True
Is 198645 a multiple of 697?
True
Is 4 a factor of 7392?
True
Is 294 a factor of 99507?
False
Does 6 divide 9128?
False
Is 89 a factor of 45677?
False
Is 1815438 a multiple of 85?
False
Is 350 a factor of 287350?
True
Is 105554 a multiple of 6?
False
Is 22 a factor of 930864?
True
Is 3 a factor of 124654?
False
Is 440031 a multiple of 119?
False
Does 210 divide 28770?
True
Is 155 a factor of 5012817?
False
Does 10 divide 652012?
False
Is 29 a factor of 9339?
False
Does 506 divide 3378992?
False
Is 331204 a multiple of 31?
True
Is 5315676 a multiple of 15?
False
Does 25 divide 3140350?
True
Does 236 divide 111928?
False
Is 50 a factor of 445493?
False
Does 25 divide 1791918?
False
Does 13 divide 21738223?
True
Does 9 divide 11843847?
True
Is 3 a factor of 1700414?
False
Does 940 divide 347222?
False
Is 3383670 a multiple of 26?
False
Is 8 a factor of 1721896?
True
Does 39 divide 45747?
True
Is 911059 a multiple of 31?
True
Is 267 a factor of 2515539?
False
Is 14 a factor of 682304?
True
Is 2460 a multiple of 60?
True
Is 407 a factor of 3722829?
True
Is 1138 a factor of 19439316?
True
Is 843 a factor of 17302418?
False
Is 40 a factor of 4053560?
True
Is 340 a factor of 7161451?
False
Is 846258 a multiple of 42?
True
Is 55 a